 -2 - -3 - (0 - 15). Let f = 9 + n. Calculate the remainder when f is divided by 9.
7
Suppose 0 = 3*i - 73 + 28. Let a be (-3 - (-2 + 0))*-58. Suppose -3*r + r + a = 0. Calculate the remainder when r is divided by i.
14
Let c = -67 - -136. Suppose 39 = 2*f + p - 6*p, -2*f - p + c = 0. What is the remainder when f is divided by 11?
10
Suppose -3*u = -3*m + 369, -u + 231 = 2*m + 2*u. Let g = 5 - 3. Suppose -m = -g*p - p. What is the remainder when p is divided by 21?
19
Suppose -4*c + 35 = c. Let p be (-1 + -2)*58/3. What is the remainder when (-10)/(-25) - p/5 is divided by c?
5
Let w(c) = -c**2 - 4*c - 2. Let d = 5 + -6. What is the remainder when w(-2) is divided by (d/3)/(2/(-6))?
0
Let t = -1 - -17. What is the remainder when 61 is divided by t?
13
Suppose 363 + 967 = 14*m. What is the remainder when m is divided by 32?
31
Let h be 2 + -2 + -2 - -1. What is the remainder when (3 - 5) + h + 16 is divided by ((-5)/(-2))/((-2)/(-4))?
3
Let h be (-2)/(-6) + 740/12. Let d = -41 + h. Calculate the remainder when d is divided by 6.
3
Let a(r) = r**3 - 14*r**2 + 2*r - 19. Calculate the remainder when 52 is divided by a(14).
7
Suppose -d + 97 = 67. Let c(j) = j**2 - 2*j - 1. Let t be c(3). Suppose o - t*v = 2*v, -3*o - 3*v + 30 = 0. What is the remainder when d is divided by o?
6
Let s = -19 + 11. Let w(i) = -i**3 - 7*i**2 + i + 3. Let r be w(s). Suppose -3*z = 11 - r. Calculate the remainder when 30 is divided by z.
14
Let w = 33 + -25. Calculate the remainder when 29 is divided by w.
5
Suppose 6 = 4*t - 86. What is the remainder when t is divided by 9?
5
Let b = -15 - -21. What is the remainder when -1 + -1 + 258/b is divided by 11?
8
What is the remainder when ((-27)/2)/(1/(-6)) is divided by 29?
23
Let b be ((-3)/3 - -1)/(-1). Suppose 3*i + 29 - 137 = b. What is the remainder when 22 is divided by (6/(-9))/((-2)/i)?
10
Suppose -o = 2*o - 18. Let d = 17 + -15. Calculate the remainder when o is divided by d.
0
Let c(b) = -6 + 6 - 3*b - b**3 + 2 - 6*b**2. Calculate the remainder when 38 is divided by c(-6).
18
Let y be -9*3*2/6. Let p(f) = -f**2 - 10*f + 10. Calculate the remainder when 36 is divided by p(y).
17
Let q(y) = -y**2 - 7*y - 5. Suppose 3 = 4*n - 49. Calculate the remainder when n is divided by q(-4).
6
Suppose -3*x = -4*i + 98, 5*x = 2*x - 6. What is the remainder when i is divided by 8?
7
Suppose j = 4 + 3. Let z(i) = 5*i + i - 5*i + 12. Calculate the remainder when z(0) is divided by j.
5
Let g be -3 + -1 + 3 - -3. Let d(w) = w**2 - w - 2. Let k be d(g). Suppose 3*x - 19 = v, -v = -x - k*x + 3. Calculate the remainder when x is divided by 5.
3
Let w be (-30)/(-9)*(2 + 4). Suppose 3*m + 2*j - w = 0, 0 = 5*m + 5*j - 20 - 10. Let k(p) = 22*p**3 + p. Calculate the remainder when k(1) is divided by m.
7
Let x(m) = -m**3 + 5*m**2 - 3*m + 6. Let h = -7 - -11. What is the remainder when x(h) is divided by 6?
4
Suppose 9*v - 16*v = -1365. Calculate the remainder when v is divided by 49.
48
Suppose 145 = 5*u - 5. Calculate the remainder when 177 is divided by u.
27
Suppose 3*u - 72 = -5*s, 0 = s + 5*u - 7 - 3. Calculate the remainder when 86 is divided by s.
11
Let x = -18 + 141. Suppose 2*o + o - x = 0. Let w = -25 + 39. Calculate the remainder when o is divided by w.
13
What is the remainder when 21 is divided by (-3 + -2)*2/(-1)?
1
Let d = 178 - 73. What is the remainder when d is divided by 27?
24
Let m = 119 + -25. What is the remainder when m is divided by 19?
18
Suppose 0*z - 20 = -5*z. Suppose 49 = z*a + 3*a. What is the remainder when a is divided by 2?
1
Let q = 22 - -2. Calculate the remainder when q is divided by 14.
10
Calculate the remainder when (11/6)/((-8)/(-48)) is divided by 6.
5
Suppose m = -0*m - 3. Let z(p) = p + 7. Let a be z(m). Suppose -t = 3*w - 43, -33 = -a*w + 4*t + 35. What is the remainder when w is divided by 4?
3
Let t(j) = j**3 - 7*j**2 + 5*j + 6. Let h be t(6). Let p = 1 - h. Suppose -x = -d + 3 + p, 3 = -2*x + d. Calculate the remainder when x is divided by 1.
0
Suppose 66*k + 15 = 69*k. Let n be -3 - (-1 - (1 - 0)). What is the remainder when (n + 0)/(1/(-7)) is divided by k?
2
Suppose d = 2*h + 14, 2*h - 4 + 0 = -2*d. Calculate the remainder when 16 is divided by d.
4
What is the remainder when 2*118/(-4)*(-1 + 0) is divided by 30?
29
Let i(p) = -5*p - 3. Suppose 0*g + 4*g = -5*z + 101, 2*g = 4*z - 60. What is the remainder when i(-7) is divided by z?
15
Suppose 8 = 5*a - a. Let x(d) = -d**3 - 10*d**2 + 14*d + 14. Let p be x(-11). Calculate the remainder when 26 is divided by 3/(-6) - p/a.
8
Let v = -264 + 376. What is the remainder when v is divided by 23?
20
Suppose -3*t - 2*h = -0*h - 132, -4*t + 178 = 2*h. What is the remainder when 91 is divided by t?
45
Let f = -27 + 33. Let m(i) = -6*i. Let s(d) = d. Let j(t) = m(t) + 5*s(t). Calculate the remainder when f is divided by j(-2).
0
Calculate the remainder when 15 is divided by (8/10 + (-228)/10)/(-2).
4
Let s = -119 - -156. Calculate the remainder when s is divided by 14.
9
Suppose 17*b = 11*b + 12. What is the remainder when 12 is divided by b?
0
Let u(i) = i**2 + i - 3. Let h be u(-3). Suppose a + 34 = 2*b, -4*b + 0*a = h*a - 68. What is the remainder when b is divided by 6?
5
Suppose -d + l = -83, d + 3*l - 2 = 85. Suppose 42 = 3*x - d. What is the remainder when x is divided by 11?
9
Suppose a + 5 = 26. Let o = 56 + a. What is the remainder when o is divided by 20?
17
Suppose -5*o = 4*l - o - 156, o - 211 = -5*l. Suppose -4*i + 33 = q - 2*q, -88 = 4*q - 5*i. Let h = q + l. Calculate the remainder when 77 is divided by h.
25
Suppose -4*a + 54 = 3*o, -21 = 3*a + 5*o - 56. What is the remainder when 43 is divided by a?
13
Suppose -752 = -83*g + 79*g. Calculate the remainder when g is divided by 63.
62
Let c be (-46)/11 - 18/(-99). Let v be 51*5*(-4)/(-3). Calculate the remainder when c/(-10) - v/(-25) is divided by 4.
2
Let f = 10 - 7. Let t be (-12)/f*(-15)/4. Suppose 0 = 2*g - g - t. What is the remainder when g is divided by 8?
7
Suppose -r + 5*r = -40. Calculate the remainder when 12 is divided by -4*1 - -1 - r.
5
Let f(z) = z**2 + 9*z - 52. What is the remainder when f(-16) is divided by 31?
29
Let z be (10/3)/((-10)/(-15)). Suppose -325 = -0*t + z*t. Let v = -42 - t. Calculate the remainder when v is divided by 6.
5
Let c(k) = 2*k**2 - 7*k + 32. Calculate the remainder when c(6) is divided by 21.
20
Let l(j) be the first derivative of j**4/4 - j**3/3 - 2*j**2 - j + 9. Calculate the remainder when 9 is divided by l(3).
4
Let u(q) be the third derivative of q**5/15 + q**4/8 - 2*q**3/3 - q**2. What is the remainder when u(-3) is divided by 8?
7
Let b = 11 - 9. Suppose 3*o - b*o - 4 = 0. Suppose -o*d + 86 = 2*w, 0*d = 3*d - 3*w - 60. Calculate the remainder when d is divided by 11.
10
What is the remainder when (105/(-30))/((-1)/18) is divided by 33?
30
Suppose 7*w = 3*w + 68. Suppose 0 = -5*m + 1 + 14. Suppose -4*q + 5 = -m*p, 2*q + 0*p = p + 5. What is the remainder when w is divided by q?
2
Let x(u) = 2*u**2 - 15*u + 5. What is the remainder when x(10) is divided by 21?
13
Let c(i) = -i - 5. Let w(m) = -2*m - 9. Let v(t) = 5*c(t) - 3*w(t). What is the remainder when 15 is divided by v(4)?
3
Let u = 34 + -25. What is the remainder when 39 is divided by u?
3
Let k(z) = 19*z**3 - 2*z**2 + z. What is the remainder when 51 - (3/(-1) - -2) is divided by k(1)?
16
Suppose 6*t - 4*t + 6 = -2*u, 2*t - 5*u - 29 = 0. Calculate the remainder when -45*(18/(-15))/t is divided by 15.
12
Let l(i) = -i + 2. Let d(m) = m**3 - 8*m**2 + 7*m - 4. Let h be d(7). Calculate the remainder when l(h) is divided by 2.
0
Suppose 3*p - 2*p = 20. Calculate the remainder when 57 is divided by p.
17
Suppose -4 = z - 0*q - 3*q, 0 = 3*z + 5*q - 44. Suppose -3*v = -2*v - 21. What is the remainder when v is divided by z?
5
Let r(u) be the second derivative of -u**3/3 + 5*u**2/2 - u. What is the remainder when r(-5) is divided by 6?
3
Let d = 16 - 14. What is the remainder when 3*((-25)/(-3) + d) is divided by 8?
7
Suppose 3*g = 2*g + 4. Suppose g*v - 100 = -0*v. What is the remainder when v is divided by 14?
11
Let p(m) be the second derivative of m**3/2 - m**2/2 - m. Let n = 15 + -11. Calculate the remainder when p(n) is divided by 6.
5
Suppose -4*k + i = -131, 3*i + 30 + 23 = 2*